?
5
What is the hundreds digit of 513644?
6
What is the hundred thousands digit of 2951415?
9
What is the thousands digit of 6288740?
8
What is the hundred thousands digit of 715568?
7
What is the tens digit of 290308?
0
What is the hundreds digit of 334940?
9
What is the thousands digit of 5080840?
0
What is the thousands digit of 777454?
7
What is the thousands digit of 676435?
6
What is the tens digit of 892492?
9
What is the units digit of 319430?
0
What is the tens digit of 392?
9
What is the ten thousands digit of 3902859?
0
What is the hundreds digit of 1383834?
8
What is the thousands digit of 365237?
5
What is the tens digit of 7915639?
3
What is the millions digit of 4068916?
4
What is the hundreds digit of 19432932?
9
What is the millions digit of 1302029?
1
What is the tens digit of 20037695?
9
What is the tens digit of 169255?
5
What is the units digit of 26515393?
3
What is the hundreds digit of 1153195?
1
What is the tens digit of 25555458?
5
What is the hundreds digit of 292302?
3
What is the ten millions digit of 27540390?
2
What is the tens digit of 8957387?
8
What is the ten thousands digit of 221274?
2
What is the hundred thousands digit of 1950199?
9
What is the units digit of 401695?
5
What is the millions digit of 1259043?
1
What is the thousands digit of 373023?
3
What is the hundreds digit of 19786?
7
What is the units digit of 169556?
6
What is the thousands digit of 1335567?
5
What is the millions digit of 9431742?
9
What is the hundred thousands digit of 5295103?
2
What is the thousands digit of 502602?
2
What is the thousands digit of 8625106?
5
What is the tens digit of 1793885?
8
What is the hundreds digit of 1211098?
0
What is the tens digit of 3407993?
9
What is the hundred thousands digit of 511199?
5
What is the tens digit of 37473249?
4
What is the ten thousands digit of 321538?
2
What is the hundred thousands digit of 586386?
5
What is the tens digit of 3048183?
8
What is the ten thousands digit of 206758?
0
What is the hundreds digit of 18182081?
0
What is the thousands digit of 9164009?
4
What is the thousands digit of 553533?
3
What is the millions digit of 17096057?
7
What is the hundreds digit of 42544?
5
What is the hundreds digit of 4655120?
1
What is the units digit of 648370?
0
What is the hundreds digit of 868739?
7
What is the tens digit of 90876?
7
What is the units digit of 1027937?
7
What is the units digit of 1460881?
1
What is the hundreds digit of 1129731?
7
What is the units digit of 3167161?
1
What is the tens digit of 697282?
8
What is the hundreds digit of 304551?
5
What is the thousands digit of 736125?
6
What is the thousands digit of 533164?
3
What is the ten thousands digit of 43973?
4
What is the ten thousands digit of 939759?
3
What is the millions digit of 12802101?
2
What is the hundreds digit of 34673?
6
What is the thousands digit of 132485?
2
What is the hundred thousands digit of 2373811?
3
What is the tens digit of 20005918?
1
What is the thousands digit of 372267?
2
What is the hundreds digit of 25096284?
2
What is the units digit of 3265800?
0
What is the units digit of 1078123?
3
What is the units digit of 236182?
2
What is the thousands digit of 500882?
0
What is the thousands digit of 2168847?
8
What is the thousands digit of 4922080?
2
What is the hundred thousands digit of 1098656?
0
What is the ten thousands digit of 15571669?
7
What is the tens digit of 19963686?
8
What is the hundreds digit of 2134732?
7
What is the ten thousands digit of 1939973?
3
What is the thousands digit of 128784?
8
What is the ten thousands digit of 16197560?
9
What is the hundred thousands digit of 786711?
7
What is the hundred thousands digit of 22707420?
7
What is the ten thousands digit of 138346?
3
What is the ten thousands digit of 113628?
1
What is the tens digit of 50743?
4
What is the millions digit of 1010516?
1
What is the tens digit of 1318148?
4
What is the millions digit of 11386310?
1
What is the thousands digit of 539506?
9
What is the ten thousands digit of 29457?
2
What is the hundred thousands digit of 249326?
2
What is the units digit of 314117?
7
What is the units digit of 1145719?
9
What is the ten thousands digit of 193021?
9
What is the thousands digit of 395381?
5
What is the units digit of 5870330?
0
What is the tens digit of 1418624?
2
What is the thousands digit of 975726?
5
What is the tens digit of 8508711?
1
What is the tens digit of 3588400?
0
What is the thousands digit of 379821?
9
What is the units digit of 1900937?
7
What is the tens digit of 14330390?
9
What is the hundred thousands digit of 2330245?
3
What is the units digit of 189362?
2
What is the hundreds digit of 5851393?
3
What is the units digit of 208541?
1
What is the tens digit of 66961?
6
What is the ten thousands digit of 2350847?
5
What is the units digit of 139543?
3
What is the hundred thousands digit of 1898941?
8
What is the hundreds digit of 602341?
3
What is the hundreds digit of 137386?
3
What is the ten thousands digit of 297192?
9
What is the hundred thousands digit of 934655?
9
What is the hundreds digit of 218019?
0
What is the tens digit of 8093001?
0
What is the units digit of 6154719?
9
What is the hundreds digit of 2968730?
7
What is the hundreds digit of 6556588?
5
What is the units digit of 173078?
8
What is the ten thousands digit of 1522470?
2
What is the ten thousands digit of 1167475?
6
What is the hundreds digit of 433650?
6
What is the hundreds digit of 259666?
6
What is the tens digit of 747823?
2
What is the hundreds digit of 9959414?
4
What is the units digit of 652957?
7
What is the tens digit of 508243?
4
What is the tens digit of 2001217?
1
What is the hundreds digit of 299810?
8
What is the tens digit of 6535535?
3
What is the thousands digit of 26057010?
7
What is the tens digit of 233715?
1
What is the hundreds digit of 454128?
1
What is the tens digit of 1581393?
9
What is the thousands digit of 75418?
5
What is the hundred thousands digit of 4074804?
0
What is the units digit of 5343175?
5
What is the thousands digit of 73318?
3
What is the millions digit of 5329629?
5
What is the hundred thousands digit of 643305?
6
What is the units digit of 612289?
9
What is the thousands digit of 152885?
2
What is the tens digit of 4358277?
7
What is the tens digit of 1045975?
7
What is the ten thousands digit of 13862334?
6
What is the thousands digit of 253568?
3
What is the tens digit of 3349?
4
What is the hundred thousands digit of 4620283?
6
What is the tens digit of 367399?
9
What is the tens digit of 16415316?
1
What is the hundred thousands digit of 102476?
1
What is the thousands digit of 2069466?
9
What is the ten thousands digit of 327830?
2
What is the tens digit of 98982?
8
What is the hundred thousands digit of 3041959?
0
What is the hundreds digit of 912382?
3
What is the ten thousands digit of 137927?
3
What is the hundreds digit of 143851?
8
What is the tens digit of 10985793?
9
What is the thousands digit of 62620?
2
What is the thousands digit of 625549?
5
What is the tens digit of 4064585?
8
What is the thousands digit of 16227307?
7
What is the tens digit of 948918?
1
What is the hundred thousands digit of 838642?
8
What is the tens digit of 70252?
5
What is the units digit of 1398171?
1
What is the ten thousands digit of 73758?
7
What is the tens digit of 6272906?
0
What is the millions digit of 1799586?
1
What is the hundred thousands digit of 605239?
6
What is the tens digit of 4994338?
3
What is the units digit of 355482?
2
What is the hundreds digit of 9264856?
8
What is the units digit of 57922?
2
What is the ten thousands digit of 12266040?
6
What is the hundred thousands digit of 5047779?
0
What is the ten thousands digit of 1012967?
1
What is the ten thousands digit of 97299?
9
What is the ten thousands digit of 650920?
5
What is the ten thousands digit of 824272?
2
What is the tens digit of 1692125?
2
What is the tens digit of 18996833?
3
What is the tens digit of 1191253?
5
What is the tens digit of 64784?
8
What is the units digit of 16345283?
3
What is the thousands digit of 9561761?
1
What is the tens digit of 589351?
5
What is the ten thousands digit of 2415791?
1
What is the ten thousands digit of 1165053?
6
What is the tens di